{"id":1767,"date":"2023-06-08T22:49:03","date_gmt":"2023-06-08T22:49:03","guid":{"rendered":"https:\/\/www.nuvem.mx\/?page_id=1767"},"modified":"2023-06-08T22:54:47","modified_gmt":"2023-06-08T22:54:47","slug":"elementor-1767","status":"publish","type":"page","link":"https:\/\/www.nuvem.mx\/?page_id=1767","title":{"rendered":"Elementor #1767"},"content":{"rendered":"\t\t<div data-elementor-type=\"wp-page\" data-elementor-id=\"1767\" class=\"elementor elementor-1767\">\n\t\t\t\t\t\t<section class=\"elementor-section elementor-top-section elementor-element elementor-element-8bca8aa elementor-section-boxed elementor-section-height-default elementor-section-height-default\" data-id=\"8bca8aa\" data-element_type=\"section\">\n\t\t\t\t\t\t<div class=\"elementor-container elementor-column-gap-default\">\n\t\t\t\t\t<div class=\"elementor-column elementor-col-100 elementor-top-column elementor-element elementor-element-15f8b5d\" data-id=\"15f8b5d\" data-element_type=\"column\">\n\t\t\t<div class=\"elementor-widget-wrap elementor-element-populated\">\n\t\t\t\t\t\t<div class=\"elementor-element elementor-element-c6dd8c1 elementor-widget elementor-widget-heading\" data-id=\"c6dd8c1\" data-element_type=\"widget\" data-widget_type=\"heading.default\">\n\t\t\t\t<div class=\"elementor-widget-container\">\n\t\t\t\t\t<h2 class=\"elementor-heading-title elementor-size-default\">Aviso de privacidad<\/h2>\t\t\t\t<\/div>\n\t\t\t\t<\/div>\n\t\t\t\t<div class=\"elementor-element elementor-element-600e1ef elementor-widget elementor-widget-text-editor\" data-id=\"600e1ef\" data-element_type=\"widget\" data-widget_type=\"text-editor.default\">\n\t\t\t\t<div class=\"elementor-widget-container\">\n\t\t\t\t\t\t\t\t\t<p>I.- La identidad y Domicilio del responsable que los recaba:<br \/>Innovaci\u00f3n y Desarrollo en TI SA de CV (en lo sucesivo \u201cNuvem\u201d ) con domicilio en la Calle El Rosario #666 Col. Jardines del Bosque, C.P.<br \/>44520 en Guadalajara, Jalisco, M\u00e9xico, en cumplimiento con la LeyFeredarl de Datos Personales en Posesi\u00f3n de los Particulares (en adelante<br \/>\u201cla Ley\u201d), el Reglamento as\u00ed como los Lineamientos del Aviso de Privacidad (en adelante \u201clineamientos\u201d), para la protecci\u00f3n y salvaguarda de la<br \/>informaci\u00f3n de clientes, Nuvem en car\u00e1cter de encargado conforme a lo dispuesto en el Articulo tercero Fracciones II y IX de la Ley, declara lo<br \/>siguiente:<br \/>II. FINALIDADES.<br \/>Los datos personales que recabamos o lleguemos a recabar directamente de ti, los utilizamos, en la medida que sean necesarios, para el<br \/>intercambio de propuestas, comercializaci\u00f3n, asesoramiento para la celebraci\u00f3n de contratos, modificaci\u00f3n, renovaci\u00f3n o cancelaci\u00f3n; evaluar<br \/>la calidad del servicio; as\u00ed como promocionar productos o servicios de tecnolog\u00edas de la informaci\u00f3n. Para estas finalidades, requerimos tus<br \/>datos personales como datos de identidad y contacto (ejemplo: nombre y domicilio) y laborales.<br \/>La forma en que \u201cNuvem\u201d recaba los datos personales y los datos personales sensibles ser\u00e1 a trav\u00e9s de las formas, formatos, cuestionarios<br \/>impresos y\/o digitales.<br \/>Nuvem no cuenta con documentos, formatos escritos, o bases de datos propios en los que recabe informaci\u00f3n de forma directa del cliente.<br \/>III. OPCIONES Y MEDIOS PARA LIMITAR EL USO O DIVULGACI\u00d3N DE TUS DATOS PERSONALES<br \/>Si el titular desea limitar el uso de sus datos con fines de prospecci\u00f3n comercial deber\u00e1 dirigirse al departament de protecci\u00f3n de datos de<br \/>Nuvem en el domicilio antes mencionado a trav\u00e9s del correo contacto@nuvemtecnolog\u00eda.mx.<br \/>IV. MEDIOS PARA EJERCER TUS DERECHOS ARCO ; Acceso, Rectificaci\u00f3n, Cancelaci\u00f3n u Oposici\u00f3n<br \/>Tienes derecho a acceder, rectificar, cancelar y oponerte al tratamiento de tus datos o puedes revocar el consentimiento que hayas otorgado.<br \/>Conforme lo dispuesto en La Ley por lo anterior para que el titular ejerza sus derechos ARCO podr\u00e1 hacerlo a trav\u00e9s del correo<br \/>contacto@nuvemtecnolog\u00eda.mx.<br \/>V. TRANSFERENCIA DE DATOS. Podremos transferir tus datos a terceros nacionales como dependencias, entidades o instancias<br \/>gubernamentales para fines de Ley o por requerimiento de Autoridad.<br \/>VI.CAMBIOS AL AVISO DE PRIVACIDAD. Nuvem se reserva el derecho a actualizar el presente Aviso de Privacidad en cualquier momento,<br \/>por lo que hace del conocimiento de los titulares que cualquier cambio o modificaci\u00f3n al contenido del mismo les ser\u00e1 comunicado oportunamente<br \/>a trav\u00e9s de si sitio Web: www.nuvem.mx Ultima fecha de actualizaci\u00f3n: 8 de Junio 2023<\/p>\t\t\t\t\t\t\t\t<\/div>\n\t\t\t\t<\/div>\n\t\t\t\t\t<\/div>\n\t\t<\/div>\n\t\t\t\t\t<\/div>\n\t\t<\/section>\n\t\t\t\t<\/div>\n\t\t","protected":false},"excerpt":{"rendered":"<p>Aviso de privacidad I.- La identidad y Domicilio del responsable que los recaba:Innovaci\u00f3n y Desarrollo en TI SA de CV (en lo sucesivo \u201cNuvem\u201d ) con domicilio en la Calle El Rosario #666 Col. Jardines del Bosque, C.P.44520 en Guadalajara, Jalisco, M\u00e9xico, en cumplimiento con la LeyFeredarl de Datos Personales en Posesi\u00f3n de los Particulares [&hellip;]<\/p>\n","protected":false},"author":1,"featured_media":0,"parent":0,"menu_order":0,"comment_status":"closed","ping_status":"closed","template":"","meta":{"_monsterinsights_skip_tracking":false,"_monsterinsights_sitenote_active":false,"_monsterinsights_sitenote_note":"","_monsterinsights_sitenote_category":0,"footnotes":""},"class_list":["post-1767","page","type-page","status-publish","hentry"],"aioseo_notices":[],"_links":{"self":[{"href":"https:\/\/www.nuvem.mx\/index.php?rest_route=\/wp\/v2\/pages\/1767","targetHints":{"allow":["GET"]}}],"collection":[{"href":"https:\/\/www.nuvem.mx\/index.php?rest_route=\/wp\/v2\/pages"}],"about":[{"href":"https:\/\/www.nuvem.mx\/index.php?rest_route=\/wp\/v2\/types\/page"}],"author":[{"embeddable":true,"href":"https:\/\/www.nuvem.mx\/index.php?rest_route=\/wp\/v2\/users\/1"}],"replies":[{"embeddable":true,"href":"https:\/\/www.nuvem.mx\/index.php?rest_route=%2Fwp%2Fv2%2Fcomments&post=1767"}],"version-history":[{"count":7,"href":"https:\/\/www.nuvem.mx\/index.php?rest_route=\/wp\/v2\/pages\/1767\/revisions"}],"predecessor-version":[{"id":1774,"href":"https:\/\/www.nuvem.mx\/index.php?rest_route=\/wp\/v2\/pages\/1767\/revisions\/1774"}],"wp:attachment":[{"href":"https:\/\/www.nuvem.mx\/index.php?rest_route=%2Fwp%2Fv2%2Fmedia&parent=1767"}],"curies":[{"name":"wp","href":"https:\/\/api.w.org\/{rel}","templated":true}]}}